 5. Determine u(b).
5
Let x be ((-533)/26 + 18)*(-8)/10. Let y(v) = v**3 - 7*v**2 + 10*v + 1. Calculate y(x).
1
Let c(x) = 0*x - 3 + 2 + 6*x - 5*x. Let k be c(-3). Let a(p) = -2*p - 2. Let z(q) = -6*q - 8. Let b(l) = 9*a(l) - 2*z(l). Calculate b(k).
22
Suppose 19*y - 128*y = -218. Let w(g) = -3*g - 3*g**3 - g**2 + 3 + 0 + 5*g**2 - g. Determine w(y).
-13
Let v(t) = -77 + 30 - t**3 + t**2 - 4*t + 19 + 4*t**3 + 22. Calculate v(-3).
-66
Suppose -909*h - 3*v = -904*h + 39, -43 = h + 5*v. Let b(m) = 5*m + 10. Calculate b(h).
-5
Let o = 58 - 107. Let n = 49 + -2. Let c = n + o. Let u(a) = 3*a**2 + 4*a + 3. What is u(c)?
7
Let z(o) be the third derivative of 0*o + o**3 - 1/12*o**4 + 0 + 114*o**2. Suppose -d = y - 12, -5*y - 2*d + 0*d + 54 = 0. Calculate z(y).
-14
Suppose 30*m - 22*m + 8 = 0. Let v be 0/27*m/(-3). Let l(d) = -d**2 + 6. Calculate l(v).
6
Let t(l) = l**3 + 9*l**2 + 6*l - 10. Let w(u) = u**3 - 2*u**2 - 17*u + 32. Let c be w(0). Let x = -40 + c. Give t(x).
6
Let k = -249 - -245. Let r(i) = 7*i**3 + 8*i**2 - 3*i + 5. Let q(x) = 6*x**3 + 7*x**2 - 3*x + 5. Let o(y) = 6*q(y) - 5*r(y). Give o(k).
-15
Let o(i) = -13944 + 6*i + 6969 + 7029. Give o(-9).
0
Suppose y - 2*y - 3*m - 6 = 0, -2*y - 5*m - 15 = 0. Let o(i) = -i - 15. Let l be o(y). Let u(f) = l*f**3 + f**3 - 3*f**2 + 4*f**2 - 4*f**3. Calculate u(-1).
4
Let d(h) = -13*h + 21. Let v(u) = -20*u + 32. Let f(t) = 8*d(t) - 5*v(t). Suppose 0*p + 6*p - 3*p = -12. Give f(p).
24
Let u(j) = 4*j**3 + 10*j**2 - 5*j + 2. Let a be u(-3). Let i(h) be the first derivative of -14*h**3/3 + h**2/2 + 2. What is i(a)?
-15
Let c = 66 + -62. Suppose -3 = u - 2*f, 3*u - c*f = -0*f - 5. Let g(i) = -29*i**3 + 60*i**2 - 60*i**2 - u. Calculate g(-1).
28
Let w(n) = -169 - 129 + 154 - 36*n. Give w(-4).
0
Let q(h) = -3*h - 9. Suppose 59*l = 62*l + 12, 19 = c - 5*l. Give q(c).
-6
Let g(i) = -2*i + 8. Let l = -142 - -200. Suppose 0 = -7*y + l - 2. Determine g(y).
-8
Let c be 4 - 1 - 1*(-4 - -1). Suppose 3*h + 222 = c*h. Let j = 68 - h. Let i(g) = 3*g + 4. Determine i(j).
-14
Let f be ((-2670)/(-712))/(5/24). Let c(g) = g**2 - 16*g - 11. Calculate c(f).
25
Let x(r) = -4*r - 34689*r**2 - 15 + 2*r + 34690*r**2. Determine x(7).
20
Let q(h) = -3*h + 2*h + h - 5*h + 10*h. Let s(t) = -t - 2. Let n be s(-2). Suppose n*i = 4*i - 4. Give q(i).
5
Suppose -13*q + 15*q = 16. Suppose -q*u + 10*u - 4 = 0. Let l(j) = j**2 + 0*j**2 + 4 - 12 - 2*j**u - 9*j. Determine l(-7).
6
Let r(k) = -9*k - 17. Let z be r(-3). Let t(n) = n + 11*n + z*n. Give t(-1).
-22
Let k(h) = -h**2 + 5 - 7 + h**3 - 5 + 0. Let u = -2 + -3. Let v = 5 + u. Give k(v).
-7
Let r(w) = -4*w + 6. Let c be -3*3/15 + (-22)/5. Let a be (8/18)/(c - 564/(-108)). Determine r(a).
-2
Let f be 4/(-6) - (2968/6)/(-7). Let y = -50 + f. Suppose -y = -20*p + 15*p. Let s(b) = -b**3 + 5*b**2 - 3*b. Give s(p).
4
Let d(o) = 572 + 15*o - 3*o - 1143 + 571. Determine d(4).
48
Let r(x) = 4*x - 202*x**3 + 208*x**3 - 1 + 4*x - 2*x**2 - 6*x. Give r(2).
43
Suppose -27*a - 270 = -117*a. Let b be ((-5)/3)/(2/(-6)). Let z(q) = 3*q**2 - q**3 + 3*q + 3*q + 3 - b*q. Calculate z(a).
6
Let b(k) = k**2 - 3*k - 7. Let x be b(4). Let r(q) be the first derivative of q**4/4 + 5*q**3/3 + 3*q**2/2 - 2*q - 2992. What is r(x)?
7
Suppose 9*l - 7*l + 14 = -2*t, 55 = -7*t - 4*l. Let z(w) = -5*w + 18. Let m(r) = -2*r + 9. Let x(f) = 7*m(f) - 3*z(f). Calculate x(t).
0
Let s(g) be the first derivative of 8*g - 68 - 3*g**2 + 1/4*g**4 + 5/3*g**3. Give s(-6).
8
Let d(t) = 13*t + 2. Let i(h) = 22*h - 88. Let j(q) = -3*d(q) + i(q). Calculate j(-5).
-9
Let d(a) = -17*a**2 + 42*a - 12. Let f(g) = -19*g**2 + 48*g - 13. Let c(m) = 9*d(m) - 8*f(m). Let r(u) = -2*u. Let i be r(3). Calculate c(i).
-4
Let i(f) = 7*f**2 - 42 + 2*f + 43 + 3*f**2. Suppose 6*r - 2*r + 5 = -5*w, -3*r - 1 = w. Give i(w).
9
Let d(u) = -16*u**3 + 3*u**2 + 4*u + 141. Let y(b) = 7*b**3 - b**2 - 2*b - 70. Let q(z) = 3*d(z) + 7*y(z). What is q(0)?
-67
Let z(v) be the first derivative of 2*v**2 + 4*v - 20. Let d(a) = 569*a + 573. Let q be d(-1). Give z(q).
20
Let t(y) = y**2 + 6*y - 6. Let c be (7 + -5)/((-4)/(-10)). Suppose 4*h - c*h + 3 = 0. Suppose -h*w = -6*w - 21. What is t(w)?
1
Let m(f) be the first derivative of 25*f**2/2 - 56*f - 1680. Give m(2).
-6
Let i(g) be the third derivative of -g**5/60 - g**4/3 + 2*g**3/3 - 44*g**2 - 34*g. Let s be (-22)/3 - 4/6. Let m = 1 + s. Calculate i(m).
11
Let r(w) = 10*w**2 + 5*w + w**3 + 3*w + w - 10. Suppose -34*q - 102*q - 1296 = 8*q. Determine r(q).
-10
Let a(t) = t**2 + 68*t - 348. Let s(n) = -13*n**2 - 77*n + 11. Let w be s(-6). Determine a(w).
17
Let c(n) = 6*n + 49. Suppose 41*d = 66*d + 200. What is c(d)?
1
Let c(h) be the third derivative of h**4/3 - 81*h**3/2 + 10*h**2 - 1. What is c(31)?
5
Let b be ((-2)/(-6))/((-3)/(-9)) + 4. Let y(i) = -b + 3*i + 7 - 2 - 1. Let q = -14 - -20. What is y(q)?
17
Let m(p) = 29*p - 51. Let t be m(4). Let r(a) = t*a - 132*a + 10 + 68*a. Give r(-15).
-5
Let n = 1421 + -1419. Let z(l) = -l**3 + 2*l**2 - 3*l + 7. Give z(n).
1
Let p(u) = 487*u - 68 - 499*u + 17*u**2 + 21*u**3 - 45*u**3 + 23*u**3. Determine p(16).
-4
Let i(b) = -b**2. Let r(w) = 2*w**2 - 5*w + 2. Let v(y) = -9*i(y) - 4*r(y). What is v(-19)?
-27
Suppose -18*b = -17*b + 3. Let v be 4/b*15/(-10). Let w(i) = -9*i**3 - 6*i**2 - v + 8 - 8 - 4*i + 8*i**3. Give w(-5).
-7
Let v(c) be the third derivative of 0*c - 19*c**2 - 1/6*c**3 - 1/120*c**6 - 1/20*c**5 - 1/24*c**4 + 0. Give v(-3).
2
Let g = 8950 - 8939. Let d(b) = -b**2 - 4*b + 152. What is d(g)?
-13
Let v(j) be the third derivative of j**6/120 + 19*j**5/60 + j**4/24 + 23*j**3/6 - 8*j**2 + 41. Calculate v(-19).
4
Let x = 35195 + -35196. Let a(m) = m**2 + 18*m + 17. Give a(x).
0
Let p = -1 - 0. Let z(f) be the second derivative of 13 + 1/2*f**2 + 1/12*f**4 - 1/5*f**5 + f + 1/6*f**3. Determine z(p).
5
Let s be 36/10*((1 - 5) + 7 - -2). Let j(n) = -n**3 + 17*n**2 + 14*n + 63. Give j(s).
-9
Let w(p) be the third derivative of -p**5/60 - 7*p**4/6 + 43*p**3/3 + 3*p**2 + p + 42. Determine w(3).
-7
Let c(j) = -3*j**2 - 23*j - 39. Let n be c(-5). Let d(p) = 26*p**2 + 7*p - 7. Give d(n).
26
Let a(v) = -5*v + 10. Let h(t) = 4*t - 9. Let m(y) = -5*a(y) - 6*h(y). Suppose 16*f = 18*f - 36. Suppose 0 = 3*q + q - 4*k + 20, -5*q - 2*k = f. What is m(q)?
0
Suppose 4 = -i, i + 40 = 3*p + 24. Let j(v) = -2*v + 15 - 21 + 0*v + p. Calculate j(-1).
0
Let t(b) = 2 + 9*b + 3 - 4. Let p be (-12)/(12/3) + 13. Suppose 0 = 2*o - p*o + 8. What is t(o)?
10
Let t(n) = -n + 10. Suppose 5*p = -5, -2*p = 5*k + p - 27. Let s = 28 - 17. Let x = s - k. Calculate t(x).
5
Let b(q) = -q**2 - 15*q + 504. Let v be b(16). Let f(j) = j**2 - 9*j - 18. Calculate f(v).
-26
Let q(h) be the first derivative of h**4/4 + 5*h**3/3 + 3*h**2/2 - 2. Let m(c) = 5*c**2 + 49*c + 3. Let v be m(-10). Suppose -v*r + 15 = 67. Calculate q(r).
4
Let y(t) = 2364*t - 4734*t + 54 + 4 + 2367*t. Calculate y(12).
22
Let c(h) = -h**3 + 7*h**2 + 7*h + 4. Let g = -37 + 41. Suppose -5*d = g*w - 2*d - 35, -4*w + 2*d + 30 = 0. Calculate c(w).
-4
Suppose p + 3*a + 7 = 0, -4*p + 9*a = 8*a - 11. Suppose -4 = -3*k - 2*k - 3*l, 0 = p*k + 2*l. Let y(z) = -z**3 + 27 - 4*z**k - 11 - 15. Calculate y(-4).
1
Let h(y) be the second derivative of -y + 1/20*y**5 + 11/6*y**3 - 24 - y**4 - 3/2*y**2. Calculate h(11).
-3
Let m(h) = -13*h - 11*h**3 - 4*h**2 + 24*h**3 - 3 + 5. Let u(z) = 28*z**3 - 8*z**2 - 27*z + 4. Let c(x) = 13*m(x) - 6*u(x). Calculate c(5).
-8
Suppose 5*g + 5 = -74*r + 72*r, 2*r + 4*g = -4. Let u(o) be the third derivative of o**6/120 + o**5/60 + o**3 - 10*o**2. Give u(r).
6
Let j(y) = -y**3 - 2*y. Let m(s) = -2*s**3 - 3*s**2 - 4*s - 2. Let u(v) = -3*j(v) + m(v). Suppose -2*f + 4*k + 24 = 0, 0 = 4*f + 2*k - 2 + 4. Determine u(f).
-2
Let d(b) be the second derivative of b**4/12 - b**3 - 7*b**2/2 + 2*b. Let f be (497 - 470) + -20 + -1. Give d(f).
-7
Let w(r) = -r**3 - 13*r**2 - 35*r + 4. Let b(f) = 533*f + 7453. Let i be b(-14). Give w(i).
-5
Let z(r) = -2*r**3 - 8*r**2 - 11*r - 9. Let x be z(-3). Let q(y) = -y**2 + 6*y - 6. Determine q(x).
-6
Let m(z) = 6 + z + 0*z + 11. Let f(r) = -717*r - 32276. Let b be f(-45). Give m(b).
6
Let m(n) = -6 + 1 + 2 + 4 - n. Suppose -5*q + 85 = -3*o, 4*q + 0*o - 46 = -2*o. Suppose 3*r = 3*x + q - 5, 4 = 3*r + 2*x.